e 2
1000100101000101100
3461a7 (base 13) to base 7
13360600
Convert 1001001110101101 (base 3) to base 10.
14909059
What is 101011001100110011110101 (base 2) in base 8?
53146365
1212120102 (base 3) to base 15
adcb
Convert 10100110110111101001111 (base 2) to base 14.
a249c3
54b35 (base 14) to base 5
23032014
12361020 (base 7) to base 10
1124025
-100111221120020 (base 3) to base 6
-300222140
What is -5544135 (base 9) in base 2?
-1011010111111101011011
Convert 98990 (base 16) to base 4.
2120212100
-657cd (base 15) to base 9
-541214
What is 111353045 (base 6) in base 13?
564059
-532811 (base 9) to base 5
-40121134
1434113 (base 5) to base 15
90a8
2ab23a (base 13) to base 4
10001001032
Convert -232022030 (base 4) to base 8.
-561214
-81879 (base 15) to base 4
-1210022301
What is -230282 (base 9) in base 11?
-94770
-19421 (base 14) to base 8
-174665
-2747140 (base 8) to base 10
-773728
What is -499829 (base 12) in base 11?
-749658
Convert -9b8b26 (base 14) to base 11.
-2a91336
20020001200202 (base 3) to base 4
30213213023
-37254 (base 8) to base 11
-11066
Convert 110111010010111 (base 2) to base 12.
14473
-39078 (base 11) to base 10
-55987
Convert -11c959 (base 13) to base 16.
-68725
Convert 10111001111001010001 (base 2) to base 3.
1102200110221
What is -2612757 (base 9) in base 10?
-1425814
What is 39b36 (base 13) in base 10?
107360
450447 (base 9) to base 12
10ba74
Convert 113434 (base 15) to base 4.
3020131102
32b15c (base 15) to base 4
21032002230
-21011220 (base 3) to base 5
-131420
Convert -193828 (base 15) to base 2.
-100101011100011010011
What is -4199bc (base 15) in base 12?
-1065b66
Convert -168a10 (base 14) to base 6.
-24551450
-3aa228 (base 11) to base 13
-196979
What is 2451102 (base 7) in base 5?
40034200
-853377 (base 13) to base 7
-35344134
Convert d90d (base 15) to base 16.
b359
Convert 3545 (base 11) to base 16.
1227
Convert -1327403 (base 12) to base 2.
-1110011100011110000011
What is 7874b8 (base 14) in base 15?
55c7ba
What is 12000035 (base 6) in base 8?
1331027
1023605 (base 9) to base 5
120002431
What is -219d37 (base 15) in base 3?
-10000102112021
4958111 (base 10) to base 11
2887114
-32077274 (base 8) to base 2
-11010000111111010111100
Convert 4c8c86 (base 15) to base 2.
1110000001001011001010
333026 (base 12) to base 8
3065536
1211654 (base 8) to base 7
2554006
-4c5842 (base 13) to base 3
-10110111102002
94455 (base 15) to base 4
1302301121
-110632 (base 7) to base 3
-222210011
What is -11101010000001010011 (base 2) in base 9?
-1720782
Convert 1112210111010 (base 3) to base 10.
822666
Convert -3883a (base 12) to base 2.
-10010110110101110
-2018783 (base 9) to base 5
-233412132
Convert 2a4b28 (base 13) to base 11.
64a584
Convert 110101010110010 (base 2) to base 14.
9d50
Convert -101001101001000000 (base 2) to base 13.
-5c830
65024045 (base 7) to base 2
10101000111011111011110
-101110000010100111110 (base 2) to base 9
-2748450
1112012101101 (base 3) to base 5
201422203
Convert 1020331021 (base 4) to base 14.
7ac89
Convert -16614a6 (base 11) to base 14.
-5386a8
-190848 (base 14) to base 5
-211311300
-231a25 (base 11) to base 7
-3063421
-d00d8 (base 14) to base 11
-3113a0
What is -2615611 (base 8) in base 2?
-10110001101110001001
-2200212001022 (base 3) to base 10
-1433978
What is -2064516 (base 7) in base 3?
-110202202200
-22120211 (base 3) to base 10
-6259
1311003323 (base 4) to base 10
479483
-127a4a (base 11) to base 13
-705ac
-19cad2 (base 14) to base 12
-383754
311341431 (base 5) to base 12
517525
What is -11000101111001110 (base 2) in base 9?
-163884
-12200202022220 (base 3) to base 9
-5622286
What is 5465 (base 9) in base 8?
7674
What is 2cad0 (base 14) in base 10?
111902
3322301 (base 4) to base 14
5bc5
Convert -156a96 (base 12) to base 15.
-72ea9
Convert -32210604 (base 7) to base 15.
-3927b0
-441808 (base 12) to base 7
-12122033
-2b492 (base 12) to base 13
-21ac1
-1000000010100100000110110 (base 2) to base 6
-1401221142
Convert -84f76 (base 16) to base 12.
-22321a
What is 211023303 (base 4) in base 7?
1203021
Convert c1923 (base 14) to base 15.
92e06
Convert 196056 (base 11) to base 10.
300867
What is -100011100101010010 (base 2) in base 13?
-51453
What is -21112042 (base 5) in base 15?
-371b7
What is 111435 (base 10) in base 8?
331513
Convert -27f8f (base 16) to base 6.
-3301555
What is -84944d (base 14) in base 8?
-21061415
What is 41011614 (base 7) in base 14?
64c6b4
What is 33205125 (base 6) in base 5?
223341321
Convert 74670 (base 11) to base 2.
11010100001000110
Convert 101503345 (base 6) to base 7.
21003335
7dad (base 16) to base 3
1122010121
4e98c3 (base 16) to base 12
1884a2b
Convert -33163 (base 13) to base 10.
-92524
a2a4 (base 16) to base 7
232250
428002 (base 12) to base 8
4004002
Convert 3a8b85 (base 12) to base 13.
27c2b7
What is 11111001111200 (base 3) in base 4?
21011232111
1202404515 (base 6) to base 13
2a6b1b6
-1612060 (base 9) to base 5
-212100213
6056811 (base 9) to base 8
14235563
350522 (base 9) to base 11
134072
-47427 (base 12) to base 3
-11212012111
What is 10144712 (base 8) in base 11?
1238484
-155ca3 (base 15) to base 12
-419430
124005000 (base 6) to base 7
26426235
587715 (base 10) to base 12
244143
Convert 51a510a (base 11) to base 5.
4322001202
Convert -7366464 (base 8) to base 7.
-22445661
What is 359334 (base 14) in base 9?
3400443
Convert 206721 (base 8) to base 6.
1251441
What is 4e492 (base 16) in base 11?
1a9a08
What is 142322313 (base 5) in base 16?
b5f75
-1102111240 (base 5) to base 13
-653a7a
332831 (base 12) to base 15
110ed4
What is 330138 (base 9) in base 2?
110000000101010010
What is -1011120111101212 (base 3) in base 11?
-9520910
What is -383562 (base 9) in base 5?
-24413113
What is 113024135 (base 7) in base 11?
3a15876
Convert -20000203100 (base 4) to base 13.
-58676c
11055103 (base 6) to base 16
5196f
-4546557 (base 8) to base 9
-2277274
Convert -1202047 (base 8) to base 16.
-50427
What is -a66321 (base 11) in base 3?
-10012201012011
-4261611 (base 7) to base 15
-a3cc6
-113020113 (base 5) to base 12
-20b178
-2021112020221 (base 3) to base 6
-41542424
Convert -5720138 (base 9) to base 10.
-3083786
1011100011111100 (base 2) to base 12
234a4
1222112201122 (base 3) to base 11
65a923
-2101102110001 (base 3) to base 7
-13530646
Convert 113303030 (base 4) to base 13.
354aa
-220b45 (base 15) to base 16
-18c20c
-2079a03 (base 14) to base 10
-15354643
-3c092 (base 13) to base 8
-333046
Convert 12002111102 (base 3) to base 10.
100235
What is -3210522 (base 6) in base 12?
-76a42
Convert 50515511 (base 6) to base 7.
15151345
-653562 (base 7) to base 3
-12210121100
What is -2301110 (base 6) in base 8?
-344242
Convert -13002230101 (base 4) to base 13.
-4c8337
What is -25411251 (base 6) in base 3?
-1112221212211
Convert 15652124 (base 9) to base 11.
4467a12
What is 190725 (base 15) in base 13?
3379b5
What is -103212024 (base 5) in base 10?
-444639
725b3 (base 16) to base 15
93bbd
Convert -a57749 (base 14) to base 6.
-315500033
What is -7cda90 (base 15) in base 12?
-1bba609
Convert -ebc9 (base 15) to base 12.
-24a76
1234051 (base 6) to base 2
10000010110101111
-221203120201 (base 4) to base 3
-202111102011021
-392071 (base 13) to base 2
-101001111110010110110
Convert -4a512a7 (base 11) to base 14.
-1244945
1b8c92 (base 15) to base 16
148a27
Convert 121847 (base 11) to base 16.
2f0ab
-21110112212111 (base 3) to base 7
-45501646
Convert 61677420 (base 8) to base 9.
26536370
-11a03a8 (base 11) to base 4
-13323230033
Convert 24334420 (base 5) to base 11.
148296
-204615 (base 8) to base 10
-67981
2121011021022 (base 3) to base 5
323142143
What is -31896 (base 11) in base 10?
-46327
Convert 49b9a2 (base 12) to base 3.
2021002100112
21657 (base 14) to base 16
13bbd
Convert 8b6e5 (base 15) to base 12.
194922
What is 11111011000001100111 (base 2) in base 9?
1836373
What is -24384 (base 15) in base 8?
-341535
34de57 (base 16) to base 13
944095
Convert 413717 (base 8) to base 11.
94068
Convert -29a2 (base 12) to base 13.
-22ac
Convert 21112332203 (base 4) to base 12.
9a396b
Convert 100010011000010100110010 (base 2) to base 5.
4301400110
30014440 (base 6) to base 11
525789
Convert -182ce (base 15) to base 13.
-29819
Convert -1111100100110101010001 (base 2) to base 5.
-2021124100
16315461 (base 8